vided by ((-8)/16)/(1/(-22)).
10
Let u = -399 + 434. Let o = 0 - -9. Calculate the remainder when u is divided by o.
8
Let b(q) = -q**3 + 8*q**2 - 7*q + 10. Let m be b(7). Let u be 40/8*34/m. Let r = u + 21. What is the remainder when r is divided by 10?
8
Let c(r) = 18*r - 53. What is the remainder when 378 is divided by c(4)?
17
Suppose -x = 11*x - 144. Calculate the remainder when 299 is divided by x.
11
Suppose -19*i = -4*z - 23*i + 192, 184 = 3*z - 5*i. What is the remainder when 315 is divided by z?
50
Let j = -79 + 69. What is the remainder when 159/6 - ((-45)/j + -5) is divided by (-37)/(-5) - 2/5?
6
Let g = -362 - -374. What is the remainder when g is divided by 7?
5
Suppose -4*n + 186 = 2*z, n + 3*n - 171 = 3*z. Suppose 0 = 2*c + 10 + 2. Calculate the remainder when n is divided by 10 + 0 - c/(3 - 0).
9
Suppose 0 = -m - 0*m + 44. Suppose -s = s - m. What is the remainder when s is divided by 8?
6
Suppose -m = -5*m + 744. Let s = m - 126. What is the remainder when s is divided by 9?
6
Let u be (-6)/8*(-32)/8. Suppose u*h - 2*h = 23. Let o = 0 + 6. What is the remainder when h is divided by o?
5
Let k(c) = c**2 + 5*c - 9. Let j be k(4). Let g = 34 - j. What is the remainder when g is divided by 4?
3
Suppose 2*u + 59*w - 736 = 63*w, 8 = -4*w. What is the remainder when u is divided by 177?
10
Let z = 589 - 580. What is the remainder when 410 is divided by z?
5
Let o be (-5408)/56 + (-9)/21. Calculate the remainder when 0 - (-2 + 3)*o is divided by 25.
22
Let d be (-280)/(-12) - 1/3. Suppose -2*r = 4*b - d - 45, 2*r - 47 = 3*b. Suppose -r = -2*g + 16. What is the remainder when g is divided by 6?
4
Let y = 45 + -24. Let f = -96 - -96. Suppose 0 = -f*r - 3*r + y. What is the remainder when r is divided by 3?
1
Let s = 26 + -23. Suppose 0 = 5*y + 5, -s*y + 0*y = -2*t + 35. Calculate the remainder when 63 is divided by t.
15
Suppose v - 73 = -2*d, 0 = v + 3. Calculate the remainder when d is divided by (-200)/90 + (-4)/(-18) - -23.
17
Let n = -544 - -605. Calculate the remainder when n is divided by 17.
10
Let c = -24 + 26. Suppose -6*a + 224 = -c*a. Suppose 3*d - 9 + a = 4*f, 56 = 5*f - d. Calculate the remainder when 43 is divided by f.
10
Suppose -2*b + 7*b + 80 = 0. Let l = 20 + b. Suppose -y = -3*i + 107, 0*i = l*i + 4*y - 116. What is the remainder when i is divided by 18?
16
Let f be 3 + -6 + (2 - -221). Suppose 20*n - 1540 = -f. What is the remainder when n is divided by 10?
6
Let u(b) = -51*b + 1207. Calculate the remainder when u(23) is divided by 27.
7
Let v = 57 + -45. What is the remainder when (-1)/(2/(-240)) - (-3 + 6) is divided by v?
9
Let v(a) = a**2 + a - 4. Let b be v(0). Let t be 184/12 - b/6. Calculate the remainder when 97 is divided by (-3)/(-1) + t - -1.
17
Suppose 0 = 15*j - 16*j + 8. Let h be (16/(-32))/(2/(-12)). Let o = j + h. What is the remainder when 19 is divided by o?
8
Let y be ((-36)/(-21))/((-2)/(-35)). Suppose 3*s - y + 0 = 0. Calculate the remainder when s is divided by (-2 - 0)/(10/(-15)).
1
Let b = 9 + -7. Suppose -2*a = 3*t + 2*t + b, -5*a = 5. Suppose 5*z - 9*z + 16 = t. What is the remainder when 14 is divided by z?
2
Suppose 2*u - 6*u + 29 = -3*x, -4*x = -20. Suppose 145 = 5*n - 5*t, 30 = n - 4*t + 2*t. What is the remainder when n is divided by u?
6
Suppose -5*g = 4*k - 8, 2*k + 7 = 1. Let q be 14/g - (-7)/14. Let n(i) = 4*i**2 - 7*i + 6. What is the remainder when n(q) is divided by 11?
9
Let k = -1359 + 1380. Calculate the remainder when 114 is divided by k.
9
Suppose -2*i - i + 101 = 4*b, 3*i = 4*b + 109. Let y = -21 + i. Suppose y = 4*u + 2*w + w, -8 = 4*w. What is the remainder when u is divided by 3?
2
Let z = 28 - 18. Let u(w) = w + 11. Let d be u(-6). Suppose 17 = p - d*j, 4*p - 45 - 95 = 2*j. What is the remainder when p is divided by z?
7
Suppose -5*q + 205 = 5*z, -z - 229 = -5*q - 0*z. What is the remainder when q is divided by (-64)/6*(1 + (-25)/10)?
13
Let i(q) = -17 - 7*q**2 - 8*q + q**3 + 0 + 18. Suppose 20 = 2*r - 6*z + 4*z, 10 = -5*z. What is the remainder when 4 is divided by i(r)?
0
Let p(u) = 2*u**2 + 8*u - 16. What is the remainder when (-44)/(-8)*(-1 - -15) is divided by p(3)?
25
Let q be 9/3 - (0 - -2). Let h be (-10)/(-15)*(-3)/q. What is the remainder when (h - -3 - 0)*21 is divided by 11?
10
Let n = -5 + 110. Suppose -4*r + 216 = 4*j, r = 3*r + 5*j - n. Calculate the remainder when r is divided by 1/(-2)*-2 + 13.
13
Let g(q) = -q**2 + q + 1. Let x be g(3). Let b = -61 - -78. What is the remainder when b is divided by x/(-1)*(0 + 2)?
7
Let z(h) = -h**3 + h**2 - h + 52. Let g be z(0). Let o = 55 - g. Calculate the remainder when 9 is divided by o.
0
Let b(i) = 35*i**2 - 20*i - 20. Let y(r) = r**2 - r - 1. Let s(h) = b(h) - 25*y(h). What is the remainder when s(-3) is divided by 9?
8
Let n be 90/(-3)*6/(-9). Suppose -7*u - 15 - n = 0. Calculate the remainder when 282/8 + u/20 is divided by 19.
16
Let u be -1 + (-66)/(-15) + 10/(-25). Suppose 4*c + u*c - 133 = 0. Calculate the remainder when c is divided by 12.
7
Let o(m) = -1. Let q(g) = -5*g + 5. Let s(p) = 2*o(p) + q(p). Calculate the remainder when 12/10*(-1700)/(-60) is divided by s(-3).
16
Let d = -27 + 13. Let b = d + 41. Suppose 7*s = 4*s + b. What is the remainder when s is divided by 4?
1
Let t(z) = 21*z**2 - 6*z - 16. What is the remainder when 1039 is divided by t(-2)?
79
Let y(x) = -49*x + 76. What is the remainder when y(-3) is divided by 19?
14
Let n(w) = 5*w - 128. What is the remainder when 412 is divided by n(36)?
48
Let i = 214 - 180. Calculate the remainder when 201 is divided by i.
31
Let y = -14 - -8. Let r be (0 + 0)/(-8 - y). Suppose r*l = -2*l + 62. Calculate the remainder when l is divided by 12.
7
Suppose -14*z + 84 - 28 = 0. Suppose 100 = 4*u - z*k, 4*u - 90 = 2*k - 3*k. Calculate the remainder when 88 is divided by u.
19
Suppose -4*l = 8, -5*m + 4*l + 44 = -2*m. Calculate the remainder when (-1165)/(-55) + 2/(-11) is divided by m.
9
Let p = 917 - 863. Calculate the remainder when 155 is divided by p.
47
Suppose 2*h = 196 + 836. What is the remainder when h is divided by 11?
10
Suppose 3*g + 172 = 5*c, 4*c + 62 - 206 = 4*g. Suppose -w = -i + 4*w - 6, 0 = -i + 2*w - 3. Calculate the remainder when c is divided by ((-9)/i)/(2/4).
14
Suppose -132 = -3*c + 3*j, -4*c + j = -0*c - 182. Let i = 2886 + -2704. Calculate the remainder when i is divided by c.
44
Let s(d) = 10*d - 3. Let j(q) = q**3 + 4*q**2 - 3*q + 5. Let i be j(-5). Let a be s(i). Let l = a - -81. What is the remainder when 111 is divided by l?
27
What is the remainder when 1767 is divided by 10/(-65) + (-3168)/(-312)?
7
Suppose 13*g - 17*g = 172. Let u = -40 - g. What is the remainder when 9 is divided by u?
0
Let t = 35 - 31. Suppose 0 = 2*n - t*n + 14. What is the remainder when 13 is divided by n?
6
Let x(s) = -s**3 - 4*s**2 + 6*s + 18. Let q = 59 - 36. Calculate the remainder when q is divided by x(-5).
10
Let b = -27 - -54. Let x be (152/(-6))/((-4)/6 - 0). Let t = 52 - x. Calculate the remainder when b is divided by t.
13
Suppose -2*b = b. Let u be (b + -2 + -56)/2. Let i = u + 42. Calculate the remainder when 37 is divided by i.
11
Suppose 2*t - t - 36 = 0. Let y = t + -17. Let a = -196 + 207. Calculate the remainder when y is divided by a.
8
Suppose 17 = 2*j - 5*p - 14, 3*p + 3 = -4*j. Calculate the remainder when 56 is divided by j + 0 + (-81)/(-9).
8
Let r be (-28 - 0) + 9/12*4. Calculate the remainder when (r + -5)/(2/(-3)) is divided by 8.
5
Let g be (-6)/27 - 220/(-18). Suppose -f + g = f. Calculate the remainder when f is divided by 4.
2
Let b = 145 - 33. What is the remainder when b is divided by 29?
25
Let v(s) = -3*s - 10. Let j be v(-5). Suppose -j*x = -4 + 24. Calculate the remainder when 5 is divided by ((-1)/(-2))/(x/(-16)).
1
Let t(v) = 4*v**3 - 3*v**2 - 8*v. Let k be t(3). Suppose -2*u + k = -113. Calculate the remainder when u is divided by 8.
5
Let v(m) = m**3 - 3*m**2 - 6*m + 3. What is the remainder when 87 is divided by v(5)?
18
Calculate the remainder when 93 is divided by (-220)/(-16) + -4 + (-17)/(-4).
9
Let v(l) = 20*l - 11. Let g be v(-4). Let u = g + 166. Let c = -37 + 56. Calculate the remainder when u is divided by c.
18
Let u = -263 + 271. Calculate the remainder when 46 is divided by u.
6
Suppos